ime factors of 11388088.
2, 1423511
List the prime factors of 40611080.
2, 5, 1015277
List the prime factors of 226058.
2, 7, 67, 241
List the prime factors of 300433.
7, 167, 257
List the prime factors of 3061421.
11, 25301
List the prime factors of 1876280.
2, 5, 7, 6701
List the prime factors of 103544.
2, 7, 43
What are the prime factors of 53740?
2, 5, 2687
What are the prime factors of 4501822?
2, 13, 19, 701
What are the prime factors of 83423?
83423
What are the prime factors of 487300?
2, 5, 11, 443
What are the prime factors of 2799299?
2799299
What are the prime factors of 86032?
2, 19, 283
List the prime factors of 178738.
2, 7, 17, 751
What are the prime factors of 315806?
2, 269, 587
List the prime factors of 245665.
5, 7, 7019
List the prime factors of 3487209.
3, 11, 105673
List the prime factors of 824141.
41, 20101
List the prime factors of 210174.
2, 3, 23, 1523
List the prime factors of 121670.
2, 5, 23
List the prime factors of 441128.
2, 67, 823
What are the prime factors of 372201?
3, 124067
What are the prime factors of 654013?
283, 2311
List the prime factors of 485060.
2, 5, 79, 307
What are the prime factors of 3919860?
2, 3, 5, 7, 17, 61
What are the prime factors of 1257833?
179, 7027
What are the prime factors of 18994?
2, 9497
List the prime factors of 44895.
3, 5, 41, 73
What are the prime factors of 361407?
3, 53, 2273
What are the prime factors of 149418?
2, 3, 2767
List the prime factors of 2307694.
2, 251, 4597
List the prime factors of 575017.
37, 15541
What are the prime factors of 10820280?
2, 3, 5, 37, 2437
List the prime factors of 405076.
2, 7, 17, 23, 37
What are the prime factors of 1008088?
2, 126011
List the prime factors of 46595.
5, 9319
What are the prime factors of 20940?
2, 3, 5, 349
What are the prime factors of 1673234?
2, 347, 2411
What are the prime factors of 339057?
3, 101, 373
What are the prime factors of 124198?
2, 62099
List the prime factors of 34847.
34847
List the prime factors of 21502.
2, 13, 827
List the prime factors of 6795111.
3, 487, 4651
What are the prime factors of 109867?
181, 607
What are the prime factors of 623626?
2, 79, 3947
What are the prime factors of 4484605?
5, 896921
List the prime factors of 1487852.
2, 19, 19577
List the prime factors of 1431700.
2, 5, 103, 139
List the prime factors of 28741104.
2, 3, 7, 28513
What are the prime factors of 15745654?
2, 43, 183089
What are the prime factors of 175576?
2, 17, 1291
What are the prime factors of 343113?
3, 114371
List the prime factors of 4052279.
7, 11, 52627
List the prime factors of 5728372.
2, 13, 110161
What are the prime factors of 930759?
3, 461, 673
List the prime factors of 174104.
2, 7, 3109
List the prime factors of 3420421.
3420421
What are the prime factors of 2333577?
3, 777859
List the prime factors of 7716352.
2, 7, 2153
List the prime factors of 8160793.
103, 79231
List the prime factors of 1684701.
3, 187189
List the prime factors of 45354.
2, 3, 7559
What are the prime factors of 52397?
151, 347
List the prime factors of 1844555.
5, 368911
List the prime factors of 608202.
2, 3, 7, 1609
List the prime factors of 501322.
2, 367, 683
What are the prime factors of 1740019?
23, 75653
List the prime factors of 83312.
2, 41, 127
What are the prime factors of 1759625?
5, 7, 2011
What are the prime factors of 328145?
5, 65629
What are the prime factors of 16301643?
3, 149, 36469
What are the prime factors of 11987221?
139, 86239
What are the prime factors of 3847568?
2, 240473
What are the prime factors of 31326201?
3, 127, 27407
What are the prime factors of 691442?
2, 227, 1523
List the prime factors of 7594146.
2, 3, 7, 60271
List the prime factors of 8100708.
2, 3, 7, 11, 797
List the prime factors of 207012.
2, 3, 13, 1327
What are the prime factors of 2752446?
2, 3, 83, 5527
List the prime factors of 5756813.
947, 6079
List the prime factors of 634107.
3, 211369
List the prime factors of 2499580.
2, 5, 124979
What are the prime factors of 2538788?
2, 7, 12953
What are the prime factors of 6017247?
3, 74287
What are the prime factors of 396875?
5, 127
What are the prime factors of 3024957?
3, 13, 77563
List the prime factors of 1635492.
2, 3, 73, 1867
What are the prime factors of 6420008?
2, 7, 114643
What are the prime factors of 827361?
3, 30643
What are the prime factors of 815192?
2, 7, 14557
List the prime factors of 737823.
3, 245941
List the prime factors of 1055018.
2, 37, 53, 269
What are the prime factors of 9555736?
2, 179, 6673
What are the prime factors of 219804?
2, 3, 13, 1409
List the prime factors of 21162157.
21162157
What are the prime factors of 16339369?
3559, 4591
What are the prime factors of 310835?
5, 7, 83, 107
List the prime factors of 5314492.
2, 71, 18713
What are the prime factors of 63039?
3, 21013
List the prime factors of 5123164.
2, 1280791
What are the prime factors of 1053865?
5, 210773
What are the prime factors of 6468703?
53, 122051
What are the prime factors of 1765259?
29, 2099
What are the prime factors of 175505?
5, 11, 3191
What are the prime factors of 75663?
3, 7, 1201
List the prime factors of 724918.
2, 362459
List the prime factors of 742617.
3, 109, 757
What are the prime factors of 481814?
2, 17, 37, 383
What are the prime factors of 2426934?
2, 3, 404489
What are the prime factors of 3214489?
3214489
What are the prime factors of 6615029?
163, 40583
List the prime factors of 3507429.
3, 557, 2099
What are the prime factors of 4870?
2, 5, 487
What are the prime factors of 4533516?
2, 3, 13, 3229
What are the prime factors of 455630?
2, 5, 7, 23, 283
List the prime factors of 809526.
2, 3, 134921
List the prime factors of 8520029.
7, 1217147
List the prime factors of 17359536.
2, 3, 503, 719
List the prime factors of 492811.
11, 71, 631
List the prime factors of 186283.
186283
List the prime factors of 22691752.
2, 31, 91499
List the prime factors of 318821.
211, 1511
What are the prime factors of 499270?
2, 5, 49927
What are the prime factors of 20275839?
3, 53, 4723
List the prime factors of 233212.
2, 7, 8329
What are the prime factors of 2890451?
19, 149, 1021
What are the prime factors of 32926257?
3, 7, 13, 1489
What are the prime factors of 676120?
2, 5, 16903
List the prime factors of 17228775.
3, 5, 229717
What are the prime factors of 286476?
2, 3, 23873
List the prime factors of 1648388.
2, 7, 17, 3463
List the prime factors of 750954.
2, 3, 257, 487
What are the prime factors of 7935342?
2, 3, 1322557
List the prime factors of 6626318.
2, 3313159
List the prime factors of 369647.
369647
List the prime factors of 878344.
2, 109793
What are the prime factors of 2555127?
3, 193, 1471
List the prime factors of 1645212.
2, 3, 71, 1931
List the prime factors of 913996.
2, 83, 2753
What are the prime factors of 18933215?
5, 7, 19, 71, 401
List the prime factors of 5654759.
11, 439, 1171
What are the prime factors of 699144?
2, 3, 29131
What are the prime factors of 312096?
2, 3, 3251
List the prime factors of 829874.
2, 53, 7829
What are the prime factors of 235359?
3, 23, 379
What are the prime factors of 7583494?
2, 397, 9551
What are the prime factors of 1828685?
5, 487, 751
What are the prime factors of 1436778?
2, 3, 7, 181
What are the prime factors of 1238839?
7, 176977
List the prime factors of 14909640.
2, 3, 5, 124247
List the prime factors of 378762.
2, 3, 63127
What are the prime factors of 6911259?
3, 2303753
List the prime factors of 231485.
5, 67, 691
List the prime factors of 36030914.
2, 613, 29389
What are the prime factors of 4873371?
3, 127, 12791
List the prime factors of 4875634.
2, 17, 143401
List the prime factors of 1380776.
2, 172597
What are the prime factors of 31516446?
2, 3, 13, 29, 13933
List the prime factors of 13756530.
2, 3, 5, 23, 19937
List the prime factors of 18329194.
2, 13, 89
What are the prime factors of 63163?
83, 761
What are the prime factors of 643747?
13, 23, 2153
What are the prime factors of 806624?
2, 7, 13, 277
List the prime factors of 147221.
147221
List the prime factors of 173911.
61, 2851
What are the prime factors of 29779977?
3, 1109, 8951
What are the prime factors of 948726?
2, 3, 17569
List the prime factors of 59087.
7, 23, 367
List the prime factors of 1370737.
509, 2693
